{"id":3637,"date":"2026-03-06T02:16:11","date_gmt":"2026-03-06T02:16:11","guid":{"rendered":"https:\/\/maisonurban.ma\/?post_type=product&#038;p=3637"},"modified":"2026-04-09T17:16:04","modified_gmt":"2026-04-09T16:16:04","slug":"hoodie-noir-anonymous-journeys-urban-streetwear","status":"publish","type":"product","link":"https:\/\/maisonurban.ma\/?product=hoodie-noir-anonymous-journeys-urban-streetwear","title":{"rendered":"Hoodie Noir \u201cAnonymous Journeys\u201d \u2013 Urban Streetwear"},"content":{"rendered":"<p>Adoptez un style urban moderne avec ce hoodie noir au design unique. \u00c0 l\u2019avant, une broderie minimaliste \u201cAnonymous Journeys\u201d apporte une touche \u00e9l\u00e9gante et discr\u00e8te. \u00c0 l\u2019arri\u00e8re, un grand visuel graphique inspir\u00e9 de l\u2019univers urbain donne au hoodie un look streetwear fort et original.<\/p>\n<p>Con\u00e7u dans un tissu confortable et chaud, ce hoodie est parfait pour un style casual au quotidien. Facile \u00e0 associer avec un jean ou un jogging pour un outfit streetwear tendance.<\/p>\n<p>D\u00e9tails :<\/p>\n<p>Couleur : Noir<\/p>\n<p>Capuche avec cordon ajustable<\/p>\n<p>Poche kangourou \u00e0 l\u2019avant<\/p>\n<p>Broderie \u201cAnonymous Journeys\u201d sur la poitrine<\/p>\n<p>Grand print graphique au dos<\/p>\n<p>Coupe confortable et style urban<\/p>\n","protected":false},"excerpt":{"rendered":"<p>Adoptez un style urban moderne avec ce hoodie noir au design unique. \u00c0 l\u2019avant, une broderie minimaliste \u201cAnonymous Journeys\u201d apporte une touche \u00e9l\u00e9gante et discr\u00e8te. \u00c0 l\u2019arri\u00e8re, un grand visuel graphique inspir\u00e9 de l\u2019univers urbain donne au hoodie un look streetwear fort et original. Con\u00e7u dans un tissu confortable et chaud, ce hoodie est parfait &hellip;<\/p>\n","protected":false},"featured_media":3635,"comment_status":"open","ping_status":"closed","template":"","meta":[],"product_brand":[],"product_cat":[62,55],"product_tag":[],"class_list":{"0":"post-3637","1":"product","2":"type-product","3":"status-publish","4":"has-post-thumbnail","6":"product_cat-sweat-hoodies","7":"product_cat-tout-voir","9":"first","10":"outofstock","11":"shipping-taxable","12":"purchasable","13":"product-type-variable"},"_links":{"self":[{"href":"https:\/\/maisonurban.ma\/index.php?rest_route=\/wp\/v2\/product\/3637","targetHints":{"allow":["GET"]}}],"collection":[{"href":"https:\/\/maisonurban.ma\/index.php?rest_route=\/wp\/v2\/product"}],"about":[{"href":"https:\/\/maisonurban.ma\/index.php?rest_route=\/wp\/v2\/types\/product"}],"replies":[{"embeddable":true,"href":"https:\/\/maisonurban.ma\/index.php?rest_route=%2Fwp%2Fv2%2Fcomments&post=3637"}],"wp:featuredmedia":[{"embeddable":true,"href":"https:\/\/maisonurban.ma\/index.php?rest_route=\/wp\/v2\/media\/3635"}],"wp:attachment":[{"href":"https:\/\/maisonurban.ma\/index.php?rest_route=%2Fwp%2Fv2%2Fmedia&parent=3637"}],"wp:term":[{"taxonomy":"product_brand","embeddable":true,"href":"https:\/\/maisonurban.ma\/index.php?rest_route=%2Fwp%2Fv2%2Fproduct_brand&post=3637"},{"taxonomy":"product_cat","embeddable":true,"href":"https:\/\/maisonurban.ma\/index.php?rest_route=%2Fwp%2Fv2%2Fproduct_cat&post=3637"},{"taxonomy":"product_tag","embeddable":true,"href":"https:\/\/maisonurban.ma\/index.php?rest_route=%2Fwp%2Fv2%2Fproduct_tag&post=3637"}],"curies":[{"name":"wp","href":"https:\/\/api.w.org\/{rel}","templated":true}]}}